+ 9 - -15)) + (0 - -26)
19
What is the value of (-913 - -903) + (0 + (-1 - -3) - 6)?
-14
Calculate (2 + 0 - 2) + -35 + 18 + 21.
4
What is 17 - (-47 + 105) - (3 - (-3 - -15))?
-32
Evaluate (0 + 4 - (-11 - -15)) + (0 - -9).
9
What is (12 - (1 + -1)) + (-125 - 23 - -152)?
16
Evaluate 23 - 3 - (50 + -49).
19
What is the value of -10 - 1 - (-22 + (49 - 20))?
-18
Calculate -1 + 1 - (634 + -611).
-23
Calculate 26 - 13 - 30 - -11.
-6
What is (-2 - -4) + (-5 - -8) + (-2 - 5)?
-2
-4 + -1 + 8 - (-1 + -1)
5
Calculate -5 + 4 + -16 + 16 + 11.
10
Calculate -2 + -8 + 19 + -24 - -6.
-9
What is the value of -15 - -44 - (60 + -37)?
6
Evaluate -5 - (2 + 12 + 8 + -47 + -1).
21
Calculate -5 - -44 - (20 + 30).
-11
Evaluate 2 - -2 - (9 + (-3 - 12 - -9)).
1
What is 6 + -1 + (-49 - (82 + -158))?
32
What is the value of 28 + (-33 - -28) - 7?
16
What is the value of -2 - (-6 + (-9 - 1) + 10)?
4
What is 17 + -4 + (0 - 3) + -1?
9
What is (17 - -1) + (-6 - -3)?
15
1 - (8 + -8 + -9 - -15)
-5
Evaluate -301 + 300 - (16 + (0 - (3 - 2))).
-16
Evaluate (-21 - (-18 - 11)) + -29.
-21
What is -1 + (1 - -2) + 2 - (261 + -268)?
11
What is 2 + 2 + -14 + -1 + -1 + 0?
-12
What is (7 - 9 - -2) + 5 - (2 - -11)?
-8
What is (-4 - -8 - 5 - -2) + 6?
7
(8 - 25 - -25) + -1 + -12 + 8
3
-10 + 13 - (4 - -17)
-18
What is the value of (145 - 152) + (4 - (-2 - -3))?
-4
What is the value of 18 + -11 - 3 - -9?
13
What is the value of (18 - (-10 - -19)) + (-20 + -5 - 5)?
-21
What is the value of 1 - -8 - (-3 + 12 + -28 + 3)?
25
Evaluate -28 + 17 + 0 + 26.
15
9 - (6 - (-21 + 9))
-9
Evaluate (-23 - (6 + -1 + -12)) + 9.
-7
(19 - 25) + 1 - -19
14
Evaluate -2 + (-13 + 1 - (-3 - 1)).
-10
What is (-5 - 0) + 4 - 8 - (-58 - -65)?
-16
What is the value of (-22 - -31 - 6) + -11?
-8
Evaluate 6 - (4 + -3 + 4 + 2).
-1
What is 1 + (19 - 0) + -12?
8
Evaluate (31 + -12 - 24) + 2.
-3
What is the value of -2 + 8 + (7 - (-3 - (4 - 15)))?
5
What is -5 + 0 + -8 + 14 - -5?
6
What is -23 - -15 - -36 - 5?
23
Evaluate (-5 - (-15 - -3) - 16) + 3 - 4.
-10
What is the value of (3 - (-10 - -20)) + -4?
-11
Evaluate -17 - (-50 - (-20 + -4)).
9
What is the value of (2 - 10) + (215 - 200)?
7
What is the value of -30 + 6 + (1 + -3 + -3 - -4)?
-25
What is the value of -14 - ((-1 - 7) + (3 - 1)) - -5?
-3
Calculate (-1 - -1) + (9 + 1 + -7 - 0).
3
-16 + 3 + (3 - -3) + -14 + -6
-27
Calculate -19 + (8 - 23 - -28).
-6
Calculate 10 + 1 - (-3 + 4 + 4) - 13.
-7
Evaluate 19 + 6 - 33 - (-9 - 1).
2
What is -16 + 0 + -28 + 42 + -31?
-33
Calculate -1 - -7 - 6 - (-2 - 6).
8
8 - ((1 - (-1 + 2)) + (-2 - -22))
-12
What is the value of -18 - (16 + (12 - 40))?
-6
What is the value of -34 - -56 - (2 + -7)?
27
What is the value of 6 + (-9 + -4 - 2)?
-9
What is the value of (-8 - -1) + (17 - (-13 + (19 - 8)))?
12
Calculate (-22 - (5 - 25)) + -2.
-4
-4 + (3 - 4) + -3 + (2 - 15)
-21
Calculate 14 + -4 - (-4 - (-14 + 14)).
14
Calculate 7 + -49 + (5 - (8 - 16)).
-29
Evaluate 6 + -1 - (-8 - (-8 + 2)).
7
What is (-21 - -26) + (4 + -3 - 19) + -1?
-14
Evaluate -17 - -16 - -9 - 11.
-3
(-9 - -23) + 17 + -16
15
What is 1 + 9 - (61 - (59 + -20))?
-12
Calculate (19 - 5 - 2) + 5 - (18 - 11).
10
What is the value of -14 + 0 + (17 - 6)?
-3
Evaluate -5 + ((-4 - (6 - 14)) + -1 - 5).
-7
Calculate -8 - (-19 - -1 - -13 - (-1 - -4)).
0
What is 1 - -3 - (0 - 1) - (4636 - 4631)?
0
What is -1 - (23 + -29 - 8)?
13
What is the value of 0 + -11 - (7 + -5 + 5 + -1)?
-17
What is the value of (-4 - (15 - 23)) + (-8 - 1)?
-5
0 - 2 - (-391 - -401)
-12
What is the value of -10 - (-28 + (6 - (9 + -2))) - 5?
14
Calculate -9 + 13 + -20 + 26 - 5.
5
Calculate (34 - (0 - -28)) + -23.
-17
What is 4 - (0 - (-6 + 14 + -5) - -18)?
-11
-3 - -1 - 2 - (13 - (22 + -9))
-4
Calculate 20 + (-10 - (7 - 8)).
11
What is the value of -1 + (-1 - (-6 + 1)) + -112 + 106?
-3
Evaluate (6 - ((10 - 4) + -10)) + (-1 - -19).
28
Evaluate (-21 - (14 - 47)) + -22.
-10
Calculate 21 + (7 - (16 + -5)).
17
What is the value of 10 - (2 + -6 - (-13 - 2 - -5))?
4
What is the value of -20 - (9 - 22) - -9?
2
What is the value of 28 - (19 - -12) - 7?
-10
What is the value of (3 + -9 + 3 - (-27 + 24)) + 0?
0
What is the value of 208 - 203 - (32 + -1)?
-26
6 + (-3 + -3 - (5 + -6) - 11)
-10
Calculate -8 + 11 + -24 - -22.
1
What is -6 + (0 - -19) + (-30 - -21)?
4
Evaluate -37 - -8 - -12 - -6.
-11
(-12 - (16 + -26)) + (-33 - -2)
-33
Evaluate 25 + -2 + (1 - -2) + (-51 - -53).
28
Evaluate (-12 - -1) + 17 + -2.
4
What is the value of 8 + -25 + (6 - (12 - (11 + -1)))?
-13
What is -2 + (10 - 15) + -1 + 13?
5
Evaluate -13 - -8 - (-20 + 5 - (-5 + 10)).
15
Evaluate (9 - 9) + 0 + 6 - -10.
16
What is the value of 0 + 3 - (22 - (21 - 7)) - 18?
-23
Calculate -15 - (-12 + -3) - (-2 + -9).
11
132 - 120 - (-2 + 25)
-11
Evaluate (0 - -12) + (-34 + 23 - 3).
-2
What is (-28 - -2) + -140 + 176?
10
What is (-2 - -20) + 146 + -154?
10
What is the value of 12 + -19 + 6 + -6?
-7
Evaluate -15 - (-14 + -7) - (0 - 5).
11
8 + -12 + (2 + 4 - 1)
1
What is (-15 + -8 + 13 - -12) + -10?
-8
Evaluate 1 + -3 - (7 + (-24 - -24)) - 6.
-15
Evaluate (-12 - (-2 - 8)) + -4.
-6
What is 16 + (13 - 26) + 5 - 2?
6
What is 21 - (15 - 8 - -16)?
-2
What is 9 + (-6 - (2 - 2) - -3) + 9?
15
Calculate 3 + -5 - 1 - (-4 - (0 + -9)).
-8
-3 - (4 - (-9 + 9 - 3))
-10
Evaluate (-14 - -2) + 3 + -515 + 523.
-1
11 + (-26 - 3 - 17)
-35
What is the value of -6 - -3 - (8 + 1 - 4)?
-8
Calculate -40 - -31 - (3 - (1 + 1)).
-10
-15 - (13 + -25) - (2 - 1) - -16
12
What is 26 - (12 + -2 + -3)?
19
(-2 - -2) + 0 + 3 + (-234 - -210)
-21
What is (-11 - (-2 + -6)) + 11 + (6 - -2)?
16
What is the value of (-46 - -45) + (2 - -1) + 7 + -2?
7
Evaluate 19 + (-15 + 28 - 48).
-16
What is (-31 - 0 - -11) + 13 - (-2 - 21)?
16
What is the value of -16 + -15 + 3 + 4 + 8?
-16
What is the value of -2 + -2 - -8 - (-21 - -37)?
-12
Evaluate (94 - 88) + -6 + 1.
1
What is -17 + 0 + 1 + -6 + 328 + -319?
-13
What is the value of -21 + 6 - (-26 + 27)?
-16
What is the value of -14 + -14 + 9 + 6?
-13
What is the value of -866 + 852 + 35 + -1 + 0?
20
Calculate -5 + -2 + 1 + 12 + (0 - 11).
-5
Calculate 3 + -21 + (166 - 174).
-26
What is the value of -17 + 30 + -38 - -19?
-6
Calculate -13 - (-8 - (-7 + 6)).
-6
Evaluate (7 - -3) + (-1 + -3 - (-10 + 8)).
8
What is the value of -9 - (-30 + 23) - -30?
28
Evaluate 245 - 275 - (-8 + 3).
-25
What is the value of -3 + (4 - 12 - -8) + -2?
-5
6 + -1 + (1 - -19 - 41)
-16
What is 16 + -27 - -9 - (3 + -6)?
1
What is -3 - (-8 + (0 - -10 - (131 - 100)))?
26
Evaluate -14 - -10 - (-12 - (-1 + -3)).
4
What is the value of (8 - -10 - 0) + -16?
2
Evaluate (13 - 27) + 3 + 12.
1
What is -23 - (-27 - -10) - 17?
-23
Evaluate ((-9 - -8) + 17 - 7 - 3) + 10.
16
Calculate 4 + -4 + 2 + -4 + 15 + -5.
8
13 + -7 - ((0 - -2) + 6 + 8)
-10
Calculate (-1 - 15) + (7 - (-8 + (18 - 1))).
-18
Evaluate 1 - 4 - (-8 + -3 + 2 + 11).
-5
(1 - 13) + -98 + 121
11
What is the value of -1 - (3 - 19 - (-2 - 1))?
12
Calculate -8 + (-6 - -10) + 5 - -4.
5
What is the value of (0 - 2) + -5 - (37 + -17 + -22)?
-5
Calculate -19 - -5 - (-81 + 66).
1
Calculate -1 - (-4 + 17 + (-13 - -4)).
-5
What is -53 + 64 - (4 - 0)?
7
What is (3 - -4) + 2 + 26 + -48?
-13
Calculate 13 + (212 + -198 - (22 + 1)).
4
-6 - (-1 + 5) - (8 + 35 - 32)
-21
What is the value of 5 - (-14 - -15) - ((-18 - 0) + -4)?
26
What is the value of (-2 - 6) + -6 + -8?
-22
What is the value of 12 - 57 - (-82 - -57)?
-20
What is the value of -16 - 2 - (72 - 82)?
-8
Evaluate 0 + -7 + 6 + (-26 - -44).
17
Calculate 7 + 1 + -4 - (-14 - -12 - -3).
3
Evaluate 2 - 21 - (356 - 351).
-24
What is (-5 - -9 - (-2 - -51)) + (10 - -2)?
-33
What is (-4 - (4 + -17) - -3) + -5 + 3?
10
What is 20 - (3 + 5 + -6)?
18
Calculate 4 - (7 + 9 + -18 - -5).
1
What is 5 + 7 - 14 - (0 + -4)?
2
Evaluate -1 - -5 - (67 - 72).
9
1 + 2 + (-18 - (-15 + -6 + 2))
4
What is 30 - (-19 - -31) - 37 - 2?
-21
4 + -1 - -4 - (3 + (-7 - 2))
13
Evaluate -9 - (0 + 17 + -44) - (-1 - 8).
27
Calculate -14 - -6 - (36 - 51).
7
What is the value of 10 + (5 - 16) + 5 + 12?
16
Evaluate 22 + (-29 - 5) + 6.
-6
Calculate -1 - 18 - 9 - -25.
-3
Calculate 2 - (22 - 15 - 33).
28
What is 113 + -106 + -13 + -1?
-7
What is 2 - ((-4 - 0) + -78 + 92)?
-8
What is 4 - 22 - (1 - (2 - (4 + -9)))?
-12
What is 36 + (13 - (15 + 53))?
-19
(-14 - ((-2 - -11 - 1